4
What is the hundreds digit of 660736182?
1
What is the ten thousands digit of 542706337?
0
What is the hundred thousands digit of 17454701?
4
What is the tens digit of 312306140?
4
What is the hundred millions digit of 197342233?
1
What is the billions digit of 1580287368?
1
What is the tens digit of 2679157?
5
What is the units digit of 682613916?
6
What is the thousands digit of 43897285?
7
What is the hundred millions digit of 1818119927?
8
What is the ten millions digit of 200279805?
0
What is the tens digit of 574119756?
5
What is the tens digit of 30352954?
5
What is the billions digit of 1565213417?
1
What is the millions digit of 165566863?
5
What is the hundred millions digit of 2851244600?
8
What is the thousands digit of 1236236124?
6
What is the hundred thousands digit of 55079883?
0
What is the ten millions digit of 7001149048?
0
What is the hundreds digit of 1158770226?
2
What is the tens digit of 558827270?
7
What is the ten thousands digit of 50181754?
8
What is the millions digit of 715327600?
5
What is the hundred millions digit of 986950774?
9
What is the thousands digit of 70995633?
5
What is the hundreds digit of 118041559?
5
What is the hundreds digit of 5114774186?
1
What is the ten millions digit of 556971731?
5
What is the hundred thousands digit of 19012921?
0
What is the ten thousands digit of 43055931?
5
What is the billions digit of 1064006710?
1
What is the hundreds digit of 25205383?
3
What is the millions digit of 77305315?
7
What is the ten thousands digit of 2853848659?
4
What is the hundred millions digit of 543010142?
5
What is the thousands digit of 82583140?
3
What is the tens digit of 141745145?
4
What is the millions digit of 492788872?
2
What is the millions digit of 1359536165?
9
What is the hundreds digit of 61555293?
2
What is the units digit of 306438464?
4
What is the thousands digit of 2514415635?
5
What is the tens digit of 90770827?
2
What is the hundred thousands digit of 483701816?
7
What is the ten thousands digit of 2125193912?
9
What is the tens digit of 7088817164?
6
What is the ten thousands digit of 10354635?
5
What is the thousands digit of 114953485?
3
What is the ten thousands digit of 1426950497?
5
What is the tens digit of 76478402?
0
What is the millions digit of 590025654?
0
What is the hundred thousands digit of 10295609?
2
What is the millions digit of 3044501077?
4
What is the millions digit of 76980251?
6
What is the units digit of 439304496?
6
What is the millions digit of 1120668429?
0
What is the millions digit of 258473698?
8
What is the thousands digit of 48212130?
2
What is the tens digit of 1855660?
6
What is the ten thousands digit of 131992589?
9
What is the hundred thousands digit of 382732485?
7
What is the millions digit of 606678783?
6
What is the ten millions digit of 58416725?
5
What is the hundred thousands digit of 581646867?
6
What is the hundred millions digit of 2084601393?
0
What is the hundreds digit of 190595544?
5
What is the hundred thousands digit of 2139616087?
6
What is the millions digit of 69201875?
9
What is the ten thousands digit of 203135801?
3
What is the hundred thousands digit of 202479484?
4
What is the hundreds digit of 113499365?
3
What is the hundred thousands digit of 746114743?
1
What is the hundreds digit of 45447217?
2
What is the millions digit of 47862632?
7
What is the millions digit of 1923492601?
3
What is the tens digit of 31038397?
9
What is the thousands digit of 7082360?
2
What is the billions digit of 1138000199?
1
What is the millions digit of 5516701233?
6
What is the hundreds digit of 84965760?
7
What is the hundred millions digit of 112182445?
1
What is the thousands digit of 727575059?
5
What is the thousands digit of 25797273?
7
What is the hundreds digit of 125666173?
1
What is the millions digit of 99486782?
9
What is the tens digit of 24757919?
1
What is the tens digit of 500656732?
3
What is the units digit of 1588861630?
0
What is the hundreds digit of 4675622360?
3
What is the hundreds digit of 1095835026?
0
What is the units digit of 624017036?
6
What is the millions digit of 1677056546?
7
What is the tens digit of 165611882?
8
What is the millions digit of 27556063?
7
What is the thousands digit of 1348473802?
3
What is the tens digit of 182243980?
8
What is the hundreds digit of 736177790?
7
What is the ten millions digit of 413970209?
1
What is the hundred millions digit of 2036704464?
0
What is the units digit of 101406346?
6
What is the tens digit of 141840625?
2
What is the units digit of 221644?
4
What is the tens digit of 4389508841?
4
What is the hundred thousands digit of 1548623848?
6
What is the hundred thousands digit of 5586018247?
0
What is the millions digit of 319898627?
9
What is the hundred millions digit of 208452616?
2
What is the hundred millions digit of 5627238112?
6
What is the thousands digit of 52121862?
1
What is the hundreds digit of 79554221?
2
What is the thousands digit of 167203612?
3
What is the hundreds digit of 308162345?
3
What is the ten thousands digit of 697393046?
9
What is the ten millions digit of 27308882?
2
What is the tens digit of 96579231?
3
What is the hundred thousands digit of 291800290?
8
What is the ten millions digit of 132100223?
3
What is the ten thousands digit of 7669702?
6
What is the billions digit of 1407913396?
1
What is the millions digit of 129603487?
9
What is the hundred millions digit of 2833798017?
8
What is the units digit of 567162413?
3
What is the ten millions digit of 1682596676?
8
What is the hundred thousands digit of 6082430?
0
What is the hundred thousands digit of 43418132?
4
What is the ten thousands digit of 10866618?
6
What is the millions digit of 759970531?
9
What is the tens digit of 1410135889?
8
What is the hundreds digit of 184793251?
2
What is the hundreds digit of 56522378?
3
What is the ten millions digit of 11751746?
1
What is the millions digit of 214729680?
4
What is the hundred thousands digit of 23768297?
7
What is the ten thousands digit of 4095371052?
7
What is the hundred thousands digit of 91299148?
2
What is the billions digit of 7542592445?
7
What is the billions digit of 9071078398?
9
What is the hundred millions digit of 127260097?
1
What is the tens digit of 2485950286?
8
What is the hundred millions digit of 460303564?
4
What is the units digit of 172901614?
4
What is the units digit of 635916609?
9
What is the millions digit of 42861958?
2
What is the units digit of 422492590?
0
What is the thousands digit of 52563331?
3
What is the ten thousands digit of 19782868?
8
What is the units digit of 105832896?
6
What is the tens digit of 996023?
2
What is the hundreds digit of 50373346?
3
What is the millions digit of 344847332?
4
What is the hundred millions digit of 803145660?
8
What is the thousands digit of 2001688558?
8
What is the hundred thousands digit of 52785418?
7
What is the units digit of 2394711699?
9
What is the millions digit of 130180408?
0
What is the hundreds digit of 17008158?
1
What is the billions digit of 2228874458?
2
What is the thousands digit of 10779539?
9
What is the hundreds digit of 2671017?
0
What is the hundred millions digit of 2584203180?
5
What is the thousands digit of 32348420?
8
What is the ten thousands digit of 951938063?
3
What is the hundreds digit of 129826745?
7
What is the hundred millions digit of 253690904?
2
What is the tens digit of 7357946520?
2
What is the ten thousands digit of 17330728?
3
What is the tens digit of 111878747?
4
What is the ten thousands digit of 858848304?
4
What is the tens digit of 7787516944?
4
What is the millions digit of 14504649?
4
What is the units digit of 3989444130?
0
What is the hundreds digit of 853613990?
9
What is the units digit of 69123059?
9
What is the hundreds digit of 1362358878?
8
What is the hundred millions digit of 2472733421?
4
What is the hundred thousands digit of 28751739?
7
What is the thousands digit of 60236215?
6
What is the billions digit of 4217629519?
4
What is the ten thousands digit of 256049989?
4
What is the units digit of 210256874?
4
What is the ten millions digit of 46990944?
4
What is the tens digit of 345547459?
5
What is the hundred millions digit of 3885906513?
8
What is the hundred million